s the thousands digit of 61788?
1
What is the hundreds digit of 221554?
5
What is the tens digit of 1498844?
4
What is the ten millions digit of 38517707?
3
What is the tens digit of 3720732?
3
What is the thousands digit of 184865?
4
What is the units digit of 5577949?
9
What is the tens digit of 482195?
9
What is the ten thousands digit of 235032?
3
What is the units digit of 219981?
1
What is the tens digit of 2736861?
6
What is the ten thousands digit of 246970?
4
What is the hundred thousands digit of 149756?
1
What is the hundred thousands digit of 3873126?
8
What is the thousands digit of 330121?
0
What is the millions digit of 7106029?
7
What is the tens digit of 553035?
3
What is the units digit of 1437357?
7
What is the thousands digit of 7578849?
8
What is the units digit of 214412?
2
What is the hundreds digit of 1350591?
5
What is the hundreds digit of 514880?
8
What is the hundreds digit of 4471117?
1
What is the hundreds digit of 31465508?
5
What is the hundreds digit of 3162184?
1
What is the tens digit of 958586?
8
What is the units digit of 690027?
7
What is the tens digit of 57271?
7
What is the units digit of 98301?
1
What is the ten thousands digit of 1254715?
5
What is the ten thousands digit of 297861?
9
What is the tens digit of 20204969?
6
What is the hundreds digit of 9845880?
8
What is the millions digit of 6331615?
6
What is the thousands digit of 2243574?
3
What is the hundred thousands digit of 298899?
2
What is the tens digit of 240753?
5
What is the ten thousands digit of 224591?
2
What is the hundred thousands digit of 316522?
3
What is the hundred thousands digit of 446624?
4
What is the ten thousands digit of 270974?
7
What is the units digit of 32197053?
3
What is the hundreds digit of 79295?
2
What is the hundreds digit of 228205?
2
What is the units digit of 21911742?
2
What is the thousands digit of 607282?
7
What is the tens digit of 4227618?
1
What is the hundred thousands digit of 4285576?
2
What is the hundred thousands digit of 28008598?
0
What is the ten thousands digit of 1189059?
8
What is the units digit of 16058299?
9
What is the hundred thousands digit of 411408?
4
What is the millions digit of 1202455?
1
What is the tens digit of 1641258?
5
What is the tens digit of 3791054?
5
What is the thousands digit of 100728?
0
What is the ten thousands digit of 383491?
8
What is the hundreds digit of 41880165?
1
What is the units digit of 285580?
0
What is the ten millions digit of 10350841?
1
What is the ten thousands digit of 1024306?
2
What is the hundred thousands digit of 6626797?
6
What is the units digit of 947072?
2
What is the ten thousands digit of 144693?
4
What is the tens digit of 132491?
9
What is the millions digit of 2467800?
2
What is the hundreds digit of 605817?
8
What is the hundreds digit of 2741912?
9
What is the hundreds digit of 172799?
7
What is the tens digit of 847107?
0
What is the tens digit of 207132?
3
What is the ten thousands digit of 27677?
2
What is the hundred thousands digit of 226572?
2
What is the hundreds digit of 25964874?
8
What is the ten thousands digit of 3772261?
7
What is the ten thousands digit of 2496836?
9
What is the units digit of 102637?
7
What is the millions digit of 1158447?
1
What is the ten thousands digit of 155032?
5
What is the tens digit of 472521?
2
What is the units digit of 5040544?
4
What is the ten thousands digit of 1141562?
4
What is the hundred thousands digit of 7989291?
9
What is the thousands digit of 132047?
2
What is the hundreds digit of 12567017?
0
What is the units digit of 127264?
4
What is the tens digit of 640526?
2
What is the hundreds digit of 1695035?
0
What is the millions digit of 3286993?
3
What is the tens digit of 244083?
8
What is the hundred thousands digit of 557755?
5
What is the ten thousands digit of 394824?
9
What is the ten thousands digit of 291330?
9
What is the tens digit of 11142499?
9
What is the hundreds digit of 18497443?
4
What is the hundred thousands digit of 1205660?
2
What is the hundred thousands digit of 905515?
9
What is the units digit of 174805?
5
What is the ten thousands digit of 7388219?
8
What is the hundred thousands digit of 1476653?
4
What is the ten thousands digit of 49701?
4
What is the tens digit of 4460964?
6
What is the hundreds digit of 778542?
5
What is the hundreds digit of 70398?
3
What is the hundred thousands digit of 723821?
7
What is the hundreds digit of 4705686?
6
What is the thousands digit of 517222?
7
What is the ten thousands digit of 1619252?
1
What is the ten thousands digit of 7209709?
0
What is the units digit of 665309?
9
What is the thousands digit of 1725135?
5
What is the hundreds digit of 668840?
8
What is the units digit of 83551?
1
What is the ten thousands digit of 4643899?
4
What is the hundreds digit of 47223?
2
What is the tens digit of 159926?
2
What is the millions digit of 18892243?
8
What is the ten thousands digit of 422421?
2
What is the ten thousands digit of 27633?
2
What is the hundreds digit of 68557?
5
What is the hundred thousands digit of 3594517?
5
What is the thousands digit of 4473459?
3
What is the tens digit of 3094337?
3
What is the hundred thousands digit of 10416911?
4
What is the tens digit of 247375?
7
What is the tens digit of 5304976?
7
What is the hundreds digit of 6744493?
4
What is the tens digit of 5296310?
1
What is the units digit of 339567?
7
What is the units digit of 1718946?
6
What is the hundreds digit of 289100?
1
What is the ten thousands digit of 520907?
2
What is the hundreds digit of 38150?
1
What is the millions digit of 1022814?
1
What is the ten thousands digit of 27744?
2
What is the units digit of 660274?
4
What is the hundred thousands digit of 601883?
6
What is the ten thousands digit of 9831175?
3
What is the tens digit of 2591865?
6
What is the ten thousands digit of 95162?
9
What is the tens digit of 255870?
7
What is the ten thousands digit of 1632233?
3
What is the units digit of 4594798?
8
What is the ten millions digit of 23693170?
2
What is the hundreds digit of 95097?
0
What is the tens digit of 2166124?
2
What is the hundreds digit of 102026?
0
What is the ten thousands digit of 574606?
7
What is the units digit of 13983036?
6
What is the units digit of 222501?
1
What is the hundred thousands digit of 12216810?
2
What is the tens digit of 3318224?
2
What is the millions digit of 2024809?
2
What is the thousands digit of 3064475?
4
What is the ten thousands digit of 5273857?
7
What is the thousands digit of 318533?
8
What is the ten thousands digit of 151982?
5
What is the ten thousands digit of 46784?
4
What is the units digit of 290740?
0
What is the thousands digit of 25129651?
9
What is the tens digit of 1644252?
5
What is the hundreds digit of 707709?
7
What is the hundred thousands digit of 117798?
1
What is the units digit of 382618?
8
What is the hundred thousands digit of 4657919?
6
What is the hundred thousands digit of 240571?
2
What is the tens digit of 12282807?
0
What is the hundreds digit of 1223522?
5
What is the hundreds digit of 29537062?
0
What is the ten thousands digit of 6583984?
8
What is the hundreds digit of 16536273?
2
What is the hundred thousands digit of 3627614?
6
What is the millions digit of 8407967?
8
What is the units digit of 141008?
8
What is the thousands digit of 2384794?
4
What is the ten thousands digit of 532958?
3
What is the hundreds digit of 132936?
9
What is the tens digit of 35930?
3
What is the millions digit of 2066313?
2
What is the hundred thousands digit of 1386849?
3
What is the hundred thousands digit of 337245?
3
What is the tens digit of 8098829?
2
What is the hundreds digit of 32141?
1
What is the tens digit of 199720?
2
What is the hundreds digit of 2140609?
6
What is the thousands digit of 42664?
2
What is the hundred thousands digit of 1401834?
4
What is the ten thousands digit of 3163266?
6
What is the units digit of 334335?
5
What is the thousands digit of 368143?
8
What is the hundreds digit of 64597?
5
What is the units digit of 41398375?
5
What is the thousands digit of 10626118?
6
What is the hundreds digit of 234604?
6
What is the hundred thousands digit of 7697748?
6
What is the hundred thousands digit of 1177126?
1
What is